 by 4232?
1246
Calculate the remainder when 8509 is divided by 2409.
1282
What is the remainder when 342470 is divided by 17120?
70
What is the remainder when 314418 is divided by 2217?
1821
Calculate the remainder when 6301074 is divided by 88.
10
Calculate the remainder when 5854865 is divided by 97581.
5
Calculate the remainder when 993798 is divided by 7649.
7077
What is the remainder when 3143367 is divided by 1723?
615
What is the remainder when 250761 is divided by 38?
37
Calculate the remainder when 646614 is divided by 30.
24
What is the remainder when 963868 is divided by 1951?
74
What is the remainder when 869120 is divided by 3533?
2
Calculate the remainder when 4963090 is divided by 11733.
31
Calculate the remainder when 1769795 is divided by 108.
107
Calculate the remainder when 286384 is divided by 6225.
34
Calculate the remainder when 2961 is divided by 1420.
121
Calculate the remainder when 177954 is divided by 177947.
7
What is the remainder when 43042625 is divided by 623806?
11
What is the remainder when 428466 is divided by 18627?
45
Calculate the remainder when 2134599 is divided by 81.
6
What is the remainder when 75700353 is divided by 3604778?
15
What is the remainder when 41579 is divided by 4084?
739
What is the remainder when 5668 is divided by 471?
16
What is the remainder when 10700006 is divided by 22?
20
Calculate the remainder when 14432314 is divided by 1382.
88
What is the remainder when 9079103 is divided by 86?
83
What is the remainder when 45033295 is divided by 44?
43
What is the remainder when 36800 is divided by 1494?
944
What is the remainder when 946967 is divided by 472674?
1619
What is the remainder when 84378 is divided by 14?
0
What is the remainder when 4404900 is divided by 1101218?
28
Calculate the remainder when 363085 is divided by 164.
153
Calculate the remainder when 913114 is divided by 456555.
4
Calculate the remainder when 6255977 is divided by 2085315.
32
What is the remainder when 11014432 is divided by 937?
934
Calculate the remainder when 219864 is divided by 1562.
1184
Calculate the remainder when 5036848 is divided by 835.
128
What is the remainder when 937445 is divided by 15?
5
Calculate the remainder when 20341 is divided by 1278.
1171
What is the remainder when 3858914 is divided by 82?
76
Calculate the remainder when 70043242 is divided by 1751081.
2
Calculate the remainder when 31732 is divided by 2284.
2040
What is the remainder when 8265479 is divided by 590383?
117
Calculate the remainder when 203836 is divided by 15470.
2726
Calculate the remainder when 38549203 is divided by 63.
7
Calculate the remainder when 30868735 is divided by 791506.
1
What is the remainder when 451418 is divided by 701?
675
Calculate the remainder when 701563 is divided by 928.
923
Calculate the remainder when 92178 is divided by 90980.
1198
Calculate the remainder when 12520273 is divided by 6260131.
11
What is the remainder when 55921752 is divided by 1471625?
2
Calculate the remainder when 88806531 is divided by 2194.
2187
What is the remainder when 11181148 is divided by 943?
940
Calculate the remainder when 1432079 is divided by 6017.
33
What is the remainder when 16743671 is divided by 2676?
2615
What is the remainder when 58442216 is divided by 990546?
2
Calculate the remainder when 1927993 is divided by 77.
67
What is the remainder when 4206729 is divided by 167?
166
Calculate the remainder when 480727 is divided by 377.
52
Calculate the remainder when 654440 is divided by 71.
33
Calculate the remainder when 58149 is divided by 3826.
759
What is the remainder when 687444 is divided by 3139?
3
Calculate the remainder when 570095 is divided by 189997.
104
Calculate the remainder when 31715232 is divided by 39644.
32
What is the remainder when 73414 is divided by 4412?
2822
Calculate the remainder when 412325 is divided by 206148.
29
Calculate the remainder when 5424919 is divided by 18.
7
What is the remainder when 161897 is divided by 80703?
491
Calculate the remainder when 3937652 is divided by 357962.
70
Calculate the remainder when 1480718 is divided by 2566.
136
What is the remainder when 2159648 is divided by 1941?
1256
Calculate the remainder when 3215 is divided by 3163.
52
What is the remainder when 159606 is divided by 78494?
2618
What is the remainder when 446045 is divided by 295?
5
Calculate the remainder when 135106 is divided by 162.
160
What is the remainder when 23150 is divided by 1961?
1579
Calculate the remainder when 68527435 is divided by 12455.
25
Calculate the remainder when 268128999 is divided by 7382.
7377
Calculate the remainder when 36679 is divided by 1101.
346
What is the remainder when 303942 is divided by 313?
19
What is the remainder when 2869396 is divided by 47?
46
Calculate the remainder when 367050 is divided by 6797.
12
Calculate the remainder when 1811839 is divided by 100.
39
What is the remainder when 59579 is divided by 8238?
1913
Calculate the remainder when 686834 is divided by 190.
174
What is the remainder when 165797 is divided by 55225?
122
What is the remainder when 13182387 is divided by 34?
9
What is the remainder when 1411088 is divided by 437?
15
What is the remainder when 987766 is divided by 5037?
514
Calculate the remainder when 856030 is divided by 25.
5
Calculate the remainder when 143570810 is divided by 22.
20
Calculate the remainder when 572960 is divided by 48.
32
What is the remainder when 4804129 is divided by 13?
5
Calculate the remainder when 9083448 is divided by 3243.
3048
What is the remainder when 1755577 is divided by 6481?
5707
What is the remainder when 34299527 is divided by 30?
17
What is the remainder when 24328164 is divided by 178?
14
What is the remainder when 19991933 is divided by 162?
161
What is the remainder when 26537139 is divided by 329?
328
Calculate the remainder when 245952 is divided by 280.
112
Calculate the remainder when 1038727855 is divided by 14.
11
What is the remainder when 405840 is divided by 135180?
300
What is the remainder when 1713091 is divided by 41?
29
Calculate the remainder when 269270427 is divided by 3289.
3286
Calculate the remainder when 60302652 is divided by 20100884.
0
What is the remainder when 194312056 is divided by 67?
63
What is the remainder when 3425342 is divided by 49?
46
What is the remainder when 383136 is divided by 1508?
104
Calculate the remainder when 1941084 is divided by 872.
12
Calculate the remainder when 1217575 is divided by 44.
7
Calculate the remainder when 1547791 is divided by 1.
0
Calculate the remainder when 8062377 is divided by 350538.
3
Calculate the remainder when 150195 is divided by 235.
30
Calculate the remainder when 519878 is divided by 7020.
398
What is the remainder when 103704 is divided by 1410?
774
What is the remainder when 2195564 is divided by 1495?
904
Calculate the remainder when 635983 is divided by 209694.
6901
Calculate the remainder when 288011 is divided by 1361.
840
Calculate the remainder when 2819988 is divided by 1103.
720
What is the remainder when 36733 is divided by 328?
325
Calculate the remainder when 1268709 is divided by 1416.
1389
Calculate the remainder when 30977894 is divided by 309.
26
Calculate the remainder when 1092802 is divided by 273178.
90
What is the remainder when 186972 is divided by 695?
17
What is the remainder when 1907876 is divided by 37409?
17
Calculate the remainder when 28943927 is divided by 2568.
2567
Calculate the remainder when 217279 is divided by 217209.
70
What is the remainder when 41109 is divided by 41049?
60
Calculate the remainder when 2563852 is divided by 640961.
8
What is the remainder when 1613303 is divided by 133?
13
Calculate the remainder when 143788397 is divided by 1246.
1243
What is the remainder when 1637086 is divided by 1637056?
30
Calculate the remainder when 5022021 is divided by 179.
176
Calculate the remainder when 82148 is divided by 343.
171
Calculate the remainder when 5429907 is divided by 5429892.
15
What is the remainder when 28474 is divided by 28333?
141
Calculate the remainder when 206689905 is divided by 55.
15
Calculate the remainder when 543883 is divided by 1135.
218
Calculate the remainder when 1454755 is divided by 618.
601
Calculate the remai